3*j**2 + 23*j + 983. Give i(-22).
-7
Let t(b) = -62*b**2 - 74*b - 74. What is t(-1)?
-62
Let v(t) = t**3 - 75*t**2 + 560*t - 1607. Determine v(67).
1
Let d(f) = -63*f - 1123. Determine d(-18).
11
Let f(d) = -46*d + 790. Give f(22).
-222
Let s(j) = -86*j + 27. Calculate s(-1).
113
Let l(f) = 4*f**2 - 531*f - 2186. Calculate l(-4).
2
Let s(z) = -49*z + 485. Calculate s(11).
-54
Let h(s) = 2*s**2 - 381*s - 3810. Calculate h(200).
-10
Let q(n) = 2*n**2 - 50*n + 303. Determine q(15).
3
Let d(p) = -134*p + 18. Calculate d(1).
-116
Let g(p) = p**2 - 198*p + 3837. What is g(22)?
-35
Let y(l) = 235*l + 3952. Determine y(-17).
-43
Let f(a) = -a**3 + 40*a**2 - 57*a - 726. Give f(38).
-4
Let g(o) = 2*o**2 + 66*o + 174. Give g(-31).
50
Let n(b) = -b**2 + 35*b + 153. Calculate n(-11).
-353
Let z(j) = -j**3 + 10*j**2 - 86*j + 1060. Give z(11).
-7
Let l(v) = 29*v - 336. What is l(12)?
12
Let b(y) = -7*y**3 - 498*y**2 - 561*y - 59. What is b(-70)?
11
Let r(z) = z**3 - 19*z**2 - 15*z + 679. Give r(17).
-154
Let w(o) = -2*o**3 + 2*o**2 - 7*o - 8. Determine w(-4).
180
Let t(d) = -d**2 + 22*d - 41. What is t(8)?
71
Let a(w) = -1275*w + 10162. Calculate a(8).
-38
Let d(b) = b**3 - 37*b**2 - 35*b - 192. What is d(38)?
-78
Let w(s) = -s**2 + 12*s - 23. What is w(4)?
9
Let p(a) = a**2 - 10*a + 30. Calculate p(16).
126
Let c(v) = 4*v**3 + 9*v**2 - 38*v - 163. Give c(-4).
-123
Let r(p) = 25*p**3 - p**2 - 77*p + 79. Calculate r(1).
26
Let r(v) = -3*v**3 - 102*v**2 + 105*v + 8. Determine r(-35).
8
Let c(m) = -123*m**2 - 1231*m + 39. What is c(-10)?
49
Let m(f) = 5*f**2 - 10*f + 20. Determine m(2).
20
Let v(o) = -79*o + 751. Give v(18).
-671
Let w(y) = y**3 - 101*y**2 - 16911*y + 177. Determine w(190).
-13
Let u(q) = q**2 + 17*q - 1. Calculate u(-19).
37
Let n(b) = -b**2 - 32*b - 9. What is n(-18)?
243
Let p(k) = -6*k**3 - 2*k**2 + 7*k - 5. What is p(1)?
-6
Let w(p) = -3*p**2 - 199*p + 465. Determine w(-68).
125
Let i(p) = -7*p**3 + 14*p**2 + 34*p + 7. Determine i(-2).
51
Let c(t) = 254*t - 33776. Calculate c(133).
6
Let v(h) = 6*h**3 + 39*h**2 - 82*h + 10. Give v(2).
50
Let y(u) = 51*u + 686. Give y(-14).
-28
Let l(m) = -11*m**2 + 123*m - 17. Calculate l(11).
5
Let a(b) = 160*b - 6857. What is a(43)?
23
Let u(h) = h**3 - 17*h**2 + 11*h + 197. Calculate u(16).
117
Let f(k) = 2*k**3 - 41*k**2 - 158*k + 979. What is f(23)?
-10
Let o(u) = -u**3 + 69*u**2 - 8*u + 587. What is o(69)?
35
Let v(n) = 20*n**2 - 1877*n + 1568. Calculate v(93).
-13
Let g(y) = -90*y - 4392. What is g(-49)?
18
Let t(u) = u**3 - 23*u**2 + 56*u - 245. Calculate t(21).
49
Let j(f) = -31*f - 723. Give j(-26).
83
Let m(y) = -13*y + 48. What is m(5)?
-17
Let n(l) = -2*l**2 + 139*l + 1506. Calculate n(79).
5
Let o(h) = -2387*h + 28644. What is o(12)?
0
Let a(b) = 531*b + 19654. What is a(-37)?
7
Let l(r) = r**3 + 7*r**2 - 10*r - 82. Determine l(-4).
6
Let o(z) = z**2 - 18*z + 53. What is o(19)?
72
Let x(f) = -11*f**2 + 18*f + 15. What is x(4)?
-89
Let c(w) = -w**3 + 10*w**2 + 49*w - 292. Calculate c(12).
8
Let v(a) = 3*a**2 + 8*a - 113. Give v(6).
43
Let f(m) = -23*m - 113. What is f(-10)?
117
Let m(b) = -2*b**3 - 5*b**2 - 5. Calculate m(-5).
120
Let g(s) = -s**3 - 18*s**2 - 18*s + 420. What is g(-7)?
7
Let z(d) = d**3 - 13*d**2 - d + 8. What is z(13)?
-5
Let x(w) = -w**3 + 90*w**2 + 96*w - 452. What is x(91)?
3
Let f(m) = m**2 + 61*m - 185. What is f(-64)?
7
Let x(s) = s**2 - 2*s - 21. What is x(10)?
59
Let c(u) = -17*u**2 + 521*u + 81. Give c(31).
-105
Let z(y) = 4*y**2 - 15*y - 985. What is z(24)?
959
Let b(v) = -67*v - 6781. Give b(-102).
53
Let h(b) = 54*b - 62. What is h(2)?
46
Let k(q) = -q**2 + 42*q - 389. What is k(29)?
-12
Let m(x) = 12*x**2 - 1199*x - 44. What is m(100)?
56
Let n(f) = 16*f**2 - 9*f + 37. Determine n(-7).
884
Let u(h) = -2*h**2 + 15*h + 13. Determine u(14).
-169
Let b(v) = -755*v + 2256. Give b(3).
-9
Let z(h) = 7*h**2 + 13*h - 19. Give z(-3).
5
Let i(z) = -79*z - 738. What is i(-6)?
-264
Let k(z) = 68*z - 4618. Calculate k(68).
6
Let f(m) = m**3 - 7*m**2 - 141*m - 20. What is f(17)?
473
Let c(f) = -2*f**3 - 4*f**2 - 52*f - 321. What is c(-5)?
89
Let z(l) = 16*l - 134. Give z(-8).
-262
Let r(b) = -32*b - 628. Give r(-29).
300
Let v(m) = 2*m**2 + 261*m - 2457. Calculate v(9).
54
Let g(m) = 2645*m - 2651. Give g(1).
-6
Let k(m) = -m**3 + 21*m**2 - 6*m + 131. What is k(21)?
5
Let t(c) = -7*c**2 - 101*c - 27. Give t(-18).
-477
Let i(j) = j**2 - 30*j - 135. What is i(31)?
-104
Let n(l) = -l + 9. Calculate n(0).
9
Let z(f) = -82*f - 1148. Give z(-14).
0
Let a(z) = -4*z**3 + 3*z**2 - 7*z + 3. Determine a(1).
-5
Let g(c) = 210*c + 33823. Calculate g(-161).
13
Let y(w) = -2*w**3 - 21*w**2 - 49*w - 383. Give y(-10).
7
Let m(c) = c**2 + 13*c + 26. What is m(-8)?
-14
Let h(a) = -120*a - 499. What is h(-9)?
581
Let a(f) = f**2 - 70*f - 1308. Calculate a(-15).
-33
Let f(s) = -2*s**2 - 15*s + 214. Calculate f(8).
-34
Let i(s) = -s**2 - 56*s - 746. Give i(-37).
-43
Let l(r) = 80*r + 192. Determine l(-2).
32
Let l(g) = -g**3 - 34*g**2 + 60*g - 396. Calculate l(-36).
36
Let v(c) = 1167*c - 7005. Calculate v(6).
-3
Let b(a) = 4*a**2 + 8*a + 68. Determine b(-6).
164
Let w(x) = -x**3 - 2*x**2 - 6*x - 61. Give w(-4).
-5
Let r(f) = -f**3 - 28*f**2 - 100*f + 34. What is r(-24)?
130
Let s(i) = -532*i + 4249. Give s(8).
-7
Let s(m) = 230*m**2 - 683*m - 26. Calculate s(3).
-5
Let c(o) = o**2 + 1224*o + 1226. Calculate c(-1).
3
Let h(o) = -455*o + 4997. Give h(11).
-8
Let j(b) = -23*b - 156. Calculate j(16).
-524
Let s(f) = -21*f**2 - 55*f - 268. Give s(-5).
-518
Let q(r) = 2*r**2 - 1839*r + 5504. What is q(3)?
5
Let o(p) = -186*p + 1284. Give o(7).
-18
Let s(u) = -304*u + 1807. Determine s(6).
-17
Let z(h) = -4*h**3 - 2*h**2 + 41*h + 191. Determine z(-7).
1178
Let w(z) = -138*z + 775. Determine w(6).
-53
Let g(x) = -110*x**2 + 256*x + 2. Give g(3).
-220
Let a(g) = 4*g**2 - 9*g - 56. What is a(-4)?
44
Let m(u) = 2*u**2 + 84*u - 88. Determine m(-43).
-2
Let z(t) = 3*t**2 + 106*t + 31. Give z(-7).
-564
Let s(i) = -i**3 + 6*i**2 - 2*i. Calculate s(7).
-63
Let m(a) = -a**2 + 259*a - 13237. Give m(189).
-7
Let k(h) = -h**3 - 11*h**2 - 4*h + 162. Determine k(-8).
2
Let p(m) = m**3 - 9*m**2 - 150*m + 1218. Calculate p(7).
70
Let n(r) = -549*r - 2094. What is n(-4)?
102
Let h(y) = -162*y - 1652. Determine h(-10).
-32
Let q(w) = 55*w - 269. Determine q(7).
116
Let l(k) = 2*k**3 + 13*k**2 + 4*k + 3. Determine l(-5).
58
Let y(v) = -4*v**2 + 454*v + 2128. Determine y(118).
4
Let w(v) = -918*v - 2749. Give w(-3).
5
Let l(v) = -v**2 + 2*v + 138. Calculate l(10).
58
Let c(t) = -317*t - 9190. Calculate c(-29).
3
Let y(d) = d**3 + 7*d**2 + 28*d + 127. Give y(-6).
-5
Let l(i) = -i**3 - 3*i**2 + 3*i - 12. Give l(-4).
-8
Let o(v) = -17*v + 200. Determine o(13).
-21
Let k(n) = -1135*n + 88546. Give k(78).
16
Let h(d) = 15*d + 42. Calculate h(-10).
-108
Let r(w) = 58*w**3 + 2*w**2 - 2*w - 1. Calculate r(-1).
-55
Let c(f) = 2*f + 61. What is c(-22)?
17
Let o(r) = 32*r - 431. Calculate o(13).
-15
Let m(y) = -1206*y - 42231. What is m(-35)?
-21
Let z(x) = x**2 + 925*x + 1844. What is z(-2)?
-2
Let j(x) = 2*x**2 + 57*x + 16. What is j(-29)?
45
Let j(d) = 644*d - 8361. Determine j(13).
11
Let p(n) = -n**3 + 13*n**2 - 115*n + 1187. Determine p(11).
164
Let s(w) = -w**3 + 14*w**2 + 19*w - 14. Determine s(15).
46
Let l(w) = -40*w**3 - 3*w**2 + 12*w - 11. What is l(1)?
-42
Let i(l) = l**2 + 10*l + 15. What is i(-4)?
-9
Let u(o) = -26*o - 195. What is u(-6)?
-39
Let j(d) = d**2 + 606*d + 91440. Calculate j(-284).
-8
Let m(g) = 79*g + 2468. What is m(-31)?
19
Let p(n) = -54*n + 108. What is p(2)?
0
Let v(z) = -28*z**2 + 12*z - 2. Calculate v(-2).
-138
Let c(t) = 33*t - 400. Give c(13).
29
Let y(n) = 3*n**3 + 2*n**2 - 27*n - 2. Calculate y(4).
114
Let z(d) = 17*d**2 - 7*d - 17. Give z(-2).
65
Let a(s) = -126*s**2 - 104*s - 103. Calculate a(-1).
-125
Let l(i) = i**3 - 15*i**2 - 9*i + 139. Give l(16).
251
Let n(y) = 104*y - 11. Give n(1).
93
Let h(v) = 5*v**2 + 508*v + 10861. Give h(-71).
-2
Let m(y) = -2*y**2 - 13*y - 18. What is m(0)?
-18
Let g(b) = 13*b**2 - 80*b - 3. What is g(6)?
-15
Let x(j) = -j**3 + 18*j**2 + 1145*j + 14. Determine x(-26).
-12
Let v(j) = -j**3 - 15*j**2 + 114*j + 1716. Calculate v(-15).
6
Let l(b) = 3*b**2 - 56*b. C